of (1 - -5) + (-2)/b?
7
Suppose 173*d - 168*d - 1170 = 0. What is the units digit of d?
4
Let b = -60 + 40. Let q be (-2)/4 + b/(-8). Suppose -q*g + 8 + 16 = 0. What is the units digit of g?
2
Let m = 28 - 142. What is the units digit of m/(-6) - (-1)/(-1)?
8
Let j = -10 - -7. Let s = 4 + j. Suppose 2 = 3*n + 4*g, -4*g + 5 - s = 4*n. What is the units digit of n?
2
Let m = -17 + 43. Suppose -2 + m = -2*o. What is the tens digit of (-1 + -1)/(o/66)?
1
Let o(y) = -y**2 + 4*y + 2. Suppose -z + 3*u = u - 1, -2 = -u. Let g be o(z). Let m = 7 + g. What is the units digit of m?
4
Suppose 2*g - g - 6 = 0. What is the units digit of (-1)/g - 314/(-12)?
6
Let n(g) = -g**3 + 5*g**2 + 6*g - 13. Let r be n(6). What is the units digit of r/(((-16)/(-12))/(-4))?
9
Let r be (11/1)/(4/4). Suppose 0*y - y + 5 = 2*a, y - r = a. What is the units digit of y?
9
Let n be (1 - -12) + (1 - 4). Let h be (-3)/15 + 42/n. Suppose 2*w = 2*q - 28, -3*q + 42 = w + h*w. What is the units digit of q?
4
Suppose 0 = 5*a - 66 - 84. What is the tens digit of a?
3
Suppose 4*u + 60 = 5*u. What is the tens digit of u?
6
Suppose 3*q - 7 = -1. Suppose 33 = -4*l + 5*p, -13 + 1 = l - q*p. Let o = 4 + l. What is the units digit of o?
2
Suppose -s = 5*u - 46, -3*u - 29 = 2*s - 86. What is the tens digit of s?
2
Let d = 25 - -8. What is the units digit of d?
3
Let k(a) = a**3 + 10*a**2 + 12*a. What is the units digit of k(-8)?
2
Let h(l) = -3 - l + l + 2*l. What is the units digit of h(6)?
9
Let k(d) = -19*d - 37. What is the tens digit of k(-7)?
9
Let c(z) = -z**3 + 3*z**2 + 2*z - 3. Let n(m) = m + 1. Let b be (2/2*2)/1. Let d be n(b). What is the units digit of c(d)?
3
Let v(p) = p**2 + 7*p + 9. Let u be v(-6). Suppose -3*n + 156 = 3*x, 211 = u*x - 3*n + 73. What is the units digit of x?
9
Let m = -148 - -323. What is the tens digit of m?
7
Suppose -15 - 1 = -2*w. Let j = w + 2. What is the tens digit of j?
1
What is the units digit of ((-1)/(-2) - 2)/((-3)/200)?
0
Let a = 27 + -17. What is the units digit of a?
0
Let m(o) = 8*o**2 + 6*o + 6. What is the units digit of m(-2)?
6
Let j = -65 - -124. What is the tens digit of j?
5
Let p(z) = -z**2 - 8*z + 2. Let f be p(-8). Suppose -72 = -f*g - 8. What is the units digit of g?
2
Suppose 2*w + d - 2*d = 191, w - 97 = d. What is the units digit of w?
4
Let o(z) = z**3 - 2*z**2 - z + 151. What is the tens digit of o(0)?
5
Suppose -21 = -3*q + 12. What is the tens digit of q?
1
Let r = -1 - -1. Suppose -3*p + 1 = -6*p - 2*x, 5*p - x - 7 = r. Suppose 56 = -0*w + 4*w - 5*t, w + 2*t - p = 0. What is the units digit of w?
9
Let p(d) be the second derivative of -d**5/60 + d**4/4 + 2*d**3/3 - d**2/2 - 2*d. Let x(z) be the first derivative of p(z). What is the units digit of x(6)?
4
Let a(l) = 3*l - 6. Let y be a(5). Let q be 12/10*(-4 + y). What is the tens digit of 19 - q/(3 - 6)?
2
Let l be (-28)/3 - 5/(-15). What is the tens digit of (0 - l) + (-3)/(-1)?
1
Suppose 4*q - 28 = -5*a, a - 3*a = -4*q. Suppose -q*r - 2*k + 22 = -4*k, 4*r + k = 24. Suppose -t = h + 4*h + r, -5*t + 28 = 4*h. What is the units digit of t?
8
Suppose q - 18 = -5*b, 0*q + 3*b - 18 = -3*q. Suppose -2*t + 43 = -q*v, 5*t = v + v + 113. What is the tens digit of t?
2
Suppose 6 = -3*u - 0*u. Let g = 10 + u. What is the units digit of g?
8
Let s be 1/(-2 + 69/33). What is the tens digit of (s/2)/((-1)/(-2))?
1
Let f(m) = -33*m**3 + m**2 + m. Let y be f(-1). Let v(a) = 3*a**2. Let k be v(-2). Let l = y - k. What is the tens digit of l?
2
Suppose -13*r + 15*r - 600 = 0. What is the tens digit of r?
0
Let d(o) = 3*o**3 + 25*o**2 + 4*o - 35. Let u(v) = -v**3 - 12*v**2 - 2*v + 17. Let y(l) = -2*d(l) - 5*u(l). What is the units digit of y(10)?
5
Let l(c) = -c**2 + 5*c + 2. Let v(m) = -3*m**3 - 2*m**2 + 1. Let q be v(-1). Suppose q*d - 2*x - x - 22 = 0, 4*x = -16. What is the units digit of l(d)?
2
Suppose 0 = 2*u - 3 - 29. Suppose -4*i + u = -0*i. Suppose -i*y = -4*b - 108, b = -b - 10. What is the tens digit of y?
2
What is the units digit of 181 + 2 + (-1 - 0)?
2
Suppose -2*w - 14 = -7*w + 2*u, -5*w - 5*u = 0. Suppose -w*v + 0 + 14 = 5*k, -4*v + 72 = -k. Let t = v - 10. What is the units digit of t?
7
Let f(h) = 24*h**2 + 2*h - 1. Let s be 8/(-16) + (-6)/(-4). What is the tens digit of f(s)?
2
Let i = 155 - 104. What is the units digit of i?
1
Let u(g) = -g - 3. What is the units digit of u(-6)?
3
Suppose -h = 2*h + 75. Let n = h - -39. What is the tens digit of 8/(-28) - (-144)/n?
1
Suppose 0 = 2*p + p - 12. Let t = 0 + 9. Let h = t - p. What is the units digit of h?
5
Let n = -17 + 69. What is the tens digit of n?
5
Let k be (-14)/6 - 1/(-3). Let q be 14 - 1/(k - -3). Suppose -27 = -5*u + q. What is the units digit of u?
8
Let x = -11 + 7. Let m be (-2)/(-8) + (-3)/x. What is the units digit of 0 - m - (-1 + -1)?
1
Let s(o) = 5*o - 4. Suppose 5*h = -5*q + 40, 4*h = 9*h - 20. What is the tens digit of s(q)?
1
Let d(j) = -2*j**3 - 5*j**2 - 4. What is the units digit of d(-4)?
4
Suppose -25 = -3*o + 41. Let p = -4 + -9. Let s = p + o. What is the units digit of s?
9
Suppose r = 4*m - 98, 83 = 3*m + 5*r - r. What is the tens digit of m?
2
Suppose 790 = 5*v + 5*k, -3*v - 65 = 4*k - 535. What is the tens digit of v?
6
Let p = -37 - -104. Let x = p - 38. What is the tens digit of x?
2
Let k = 199 - 138. What is the units digit of k?
1
Suppose s - 3*d - 69 = 0, 5*s - 3*d - 297 = -4*d. Suppose 0 = 8*y - 3*y - s. Suppose 0*w + y = 2*w. What is the units digit of w?
6
Suppose -p = -2*p - 1. What is the tens digit of (-12 - p)/(6/(-6))?
1
What is the tens digit of 290/6 + (-12)/9?
4
Let q(u) = u**2 - 8*u + 9. What is the units digit of q(7)?
2
Let n(z) be the first derivative of z**2/2 - 3*z + 1. What is the units digit of n(4)?
1
Let q(u) be the first derivative of -u**4/4 - 3*u**3 - u**2/2 - 6*u + 2. What is the units digit of q(-9)?
3
Let l be -3 + (0 - (2 - 7)). What is the units digit of l/6 - 40/(-6)?
7
Suppose -4*u = 4*r + 8 + 12, r = 4*u. Let t be 1/u*-1*2. Suppose -t*m + 3 = 1. What is the units digit of m?
1
Let g(i) = i + 1. Let p = 4 + -5. Let z be g(p). Suppose -c + 29 = 5*y, y - 3*c + 7 + z = 0. What is the units digit of y?
5
Suppose -4*d - 172 = 4*z, 5*z - 5*d + 188 = -d. What is the units digit of 18/5 + (-16)/z?
4
Suppose 3*g - 12 = -4*j, -4*j - 3*g + 2*g + 12 = 0. Let p be (48/10)/4*5. Suppose -4*b - 5*w + 4*w + 33 = 0, j*w = 3*b - p. What is the units digit of b?
7
Let f(t) = 44*t**3 - t. Let s be f(1). What is the units digit of 4/16 + s/4?
1
Let x(l) = 2*l**2 - 3*l + 6. Let y be x(6). Suppose 3*m - 7*m + y = 0. What is the tens digit of m?
1
What is the tens digit of (-1710)/(-24) + (-5)/4?
7
Suppose -a + 70 = 4*a. What is the units digit of a?
4
Let t(m) = -12*m + 8. What is the tens digit of t(-5)?
6
Let i(s) = 2*s**2 + s + 2. Let p be i(5). Let l = -111 - -115. Suppose 0 = -3*k - 2*d + p, -l*d = -0*d - 12. What is the units digit of k?
7
Let l(q) = q**2 + 9*q + 12. What is the tens digit of l(-9)?
1
Let p(z) = z**3 - 3*z**2 - 2*z - 2. Let s(k) = 5*k**2 - 1. Let f be s(-1). What is the units digit of p(f)?
6
Suppose 0 = 4*b - 7*b - 36. Let g = 1 - b. What is the tens digit of g?
1
Let k = 136 - 94. What is the units digit of k?
2
What is the units digit of ((-14)/5)/((-17)/255)?
2
Let c be 92/(-8)*-2*6. Suppose 2*h - 2*y = 44, 4*h + 10 - c = -4*y. What is the units digit of h?
7
Let z be 3*(-2)/3*-1. Suppose -z*h + 6 - 2 = 0. What is the units digit of h?
2
Suppose -63 + 216 = 9*p. What is the units digit of p?
7
Suppose -4*x - 1 = 15. What is the units digit of 95/4 + (-1)/x?
4
Let m(h) = h**2 - 8*h + 4. What is the tens digit of m(11)?
3
Let s be (-2 - 8/(-2)) + 2. Suppose x + 5*c - 10 = 0, -2*x + 4 = -s*c + 12. Suppose t + 0 - 4 = x. What is the units digit of t?
4
Let p(a) = 13*a - 3. What is the units digit of p(2)?
3
Let y = 7 + -12. Let n be (2/y)/((-1)/20). Suppose 2*w = n, -5*h + 5*w - 4 = -3*h. What is the units digit of h?
8
Let d(g) = g**2 + 2*g - 1. Suppose -i = -1 - 1. What is the units digit of d(i)?
7
Let n = 26 + 335. What is the tens digit of n?
6
Let y be ((-15)/20)/(2/16). Let u = 27 - y. What is the units digit of u?
3
Let q(n) = 14*n**2 + 2*n - 18. What is the tens digit of q(4)?
1
Let u(a) = a**2 - a - 1. Let y be u(2). Suppose 4*n = b + 4, 2*b